ommon factor of j and 29.
29
Let p be 9458526/1180 - (-9)/30. Calculate the greatest common divisor of 96 and p.
48
Let v(t) = 23 + 7*t**2 - 12 - 4. Suppose 0 = -3*n + n + 10. Let h be v(n). Calculate the highest common factor of h and 26.
26
Let n be (4/(-2))/((-8)/12). Let m = -315 + 320. Let i be (-7)/m + (-7224)/(-210). Calculate the greatest common factor of i and n.
3
Let h = 40258 + -40253. Let b = -8 + 13. Calculate the highest common divisor of b and h.
5
Let v = 18626 - 12130. What is the highest common factor of 87 and v?
29
Suppose 0 = m - 24 - 0. Suppose 453 = -3*c + m. Let g = 146 + c. Calculate the greatest common divisor of g and 27.
3
Let d be (-295)/(-15) + 1/3. Let i be 6/(-8) + (56/(-896))/(1/(-172)). What is the greatest common divisor of i and d?
10
Suppose -3*a + 957 = 3*k, 21*k - 2*a = 25*k - 1278. Suppose -25 = t + 4*t, 5 = 2*s + t. Calculate the greatest common divisor of s and k.
5
Suppose 10*z = -z - 1617. Let t be ((-6)/8 - z/(-28)) + 57. Calculate the greatest common divisor of t and 187.
17
Let q = 11113 + -10897. What is the highest common divisor of q and 23436?
108
Suppose 29 + 35 = 16*u. Let d(n) = 20*n - 10. Let o be d(u). Calculate the greatest common divisor of 35 and o.
35
Let y = 63 + -21. Let r = 239 - 163. Suppose 3*p - 5*z - 63 = 0, z - r + 13 = -3*p. Calculate the highest common divisor of y and p.
21
Suppose 4*q + 3*q = -7. Let n be 81*(6 + q + -3)/6. Let z = 92 + 16. Calculate the greatest common divisor of n and z.
27
Suppose -12 = 5*n + 3*h, -n + 11*h - 10*h + 4 = 0. Suppose n = -5*t + 2*j + 454, t + j - 51 = 37. Calculate the greatest common factor of 36 and t.
18
Let h(m) = m + 1576. Let s be h(58). What is the highest common factor of s and 258?
86
Suppose 56 = -v - 6*v. Let x be -30*4/(v/3). Calculate the greatest common factor of x and 27.
9
Let w be (-50557)/(-12) + 156/(-1872). What is the greatest common divisor of w and 33?
11
Suppose -40*l = 5*j - 35*l - 65, 4*j + l = 40. Let f(v) = v + 11. Let p = -17 - -9. Let q be f(p). What is the highest common divisor of j and q?
3
Suppose -20*w + 17*w = 9, 5*h - w = 13. Calculate the highest common factor of h and 174.
2
Suppose 0 = 5*h + 5*p - 210, 0*p = 3*h + 2*p - 128. Suppose 510 = 5*f - 5*i, 14*i - 18*i = -3*f + 309. Calculate the greatest common factor of f and h.
11
Let j be (-18)/(-4)*88/6. Suppose -10*o = 4*h - 9*o - 70, 3*h - 4*o - 62 = 0. Calculate the highest common divisor of j and h.
6
Let n = -3335 - -5315. What is the greatest common divisor of 9 and n?
9
Suppose -12*o - 15*o = -1919 - 646. Calculate the greatest common factor of 2033 and o.
19
Let o be -4 + -4 + (4 - -99). Let c = o - -33. Let y be 1/(-9) + (1015/9)/7. Calculate the greatest common divisor of c and y.
16
Let y(g) = g**3 - 4*g**2 - 2*g + 41. Let f be y(6). Suppose -f = -6*n + 547. Calculate the greatest common factor of n and 24.
12
Suppose 20*n + 7*n - 524447 = -22*n. Calculate the highest common factor of n and 139.
139
Let w be ((-14)/4 + 2)/((-4)/2536). Suppose -5 + 2 = 3*s, 4*l + 5*s - w = 0. Suppose -l = -3*h + 31. Calculate the highest common factor of h and 10.
10
Let w = 8494 - 8340. Calculate the greatest common factor of 583 and w.
11
Let h = -36414 - -38122. Calculate the greatest common factor of 122 and h.
122
Suppose -3*f + 52 = 5*f - 4*d, 2*f - 15 = 3*d. What is the greatest common factor of f and 686?
2
Suppose 0 = 3*b + 3*n + 220 - 616, 0 = -b - 3*n + 146. What is the highest common divisor of 800 and b?
25
Let x be (8/(-2))/(-2) - -1. Suppose x*s = r - 0 + 22, -4*s = r - 34. Let u = -46282 - -46283. Calculate the greatest common factor of u and s.
1
Let a(v) = -v - 8*v + 2*v. Let n be ((-6)/10)/((-531)/45 - -12). Let z be a(n). Calculate the greatest common divisor of 3 and z.
3
Suppose 11*l = 286 - 55. Suppose 0 = 5*b - 12*b + l. Suppose -b*d + 6*d - 726 = -2*g, 0 = 2*d + 2*g - 486. Calculate the highest common divisor of 30 and d.
30
Let k be 2*-1*(-1626)/(-6). Let y be 115/(-23) - (-2 + k). Calculate the greatest common factor of y and 154.
77
Let v be ((-60)/108*-801*(-3)/(-5))/1. Calculate the greatest common divisor of v and 7743.
267
Let r(t) = t**2 + 6*t - 7. Let a be r(-7). Suppose -v + 219 + 263 = 4*y, 3*y - v - 365 = a. Let g = 353 - y. What is the highest common factor of 29 and g?
29
Let h(k) = -50*k - 117. Let r(p) = -51*p - 115. Let t(o) = 5*h(o) - 6*r(o). Let x be t(12). What is the highest common divisor of x and 21?
21
Let a be ((-36363)/46)/(-17) - (-6)/4. What is the greatest common factor of 246 and a?
6
Let y be 844/(-6) + ((-2)/3)/2. Let p = y - -526. What is the highest common divisor of p and 154?
77
Let s(z) = -z**2 - 6*z + 11235. Let m be s(103). Suppose 2*h - 4*h = -72. Calculate the greatest common factor of m and h.
4
Let j = 31803 + -30928. Calculate the highest common divisor of j and 1365.
35
Let n = 7 - 21. Let o = 2 + n. Let f be 0 + o/9*-3. Calculate the highest common divisor of 1 and f.
1
Let u = -401 - -403. Suppose -3*f + 2 = -5*p - 58, -u*f - 2*p + 40 = 0. What is the greatest common factor of f and 430?
10
Let m be (-6)/2 - (-1641)/3. Suppose 224*f - 4182 = 101*f. What is the highest common divisor of f and m?
34
Let j = 861 - 856. Suppose 4*d = -8, 4*s + 3*d = 3 - 1. Suppose 0 = -s*q + 39 + j. Calculate the greatest common factor of 55 and q.
11
Let l = 62 + -63. Let b(c) = -13*c**3 + 3*c + 2. Let u be b(l). What is the greatest common factor of 12 and u?
12
Let j(o) = 2*o - 35. Let v be j(20). Suppose 0 = -v*h + 11*h - 18. Suppose -3 + 9 = -h*r, -4*b - 4*r = -532. What is the greatest common factor of 15 and b?
15
Let c = 3017467 - 3017412. Suppose -12 = -5*q + q. Let r(f) = 2*f**3 - 2*f**2 + 2*f + 2. Let s be r(q). Calculate the greatest common factor of c and s.
11
Suppose -18 = -3*x, -5*d - 30977 = -3*x - 201759. What is the highest common factor of d and 112?
112
Let v be (-21)/9 + 2/(-3). Let u(z) = 147*z**2 - 300*z**2 - 10*z + 152*z**2 - 3 + 2*z. Let a be u(v). Calculate the greatest common divisor of a and 84.
12
Suppose b + c + 157 = 0, 0 = 2*b - 0*b + 3*c + 312. Let l = b - -295. Calculate the greatest common divisor of l and 17.
17
Suppose 4*n - 3*g - 13 - 4 = 0, -4*n - 5*g + 25 = 0. Suppose 0*k = n*s - 5*k - 70, 3*k = -5*s + 38. What is the highest common divisor of 35 and s?
5
Let j(q) = -397*q**3 + 70*q**2 + 7*q + 3. Let x be j(-2). Calculate the greatest common factor of 2385 and x.
265
Suppose -4*k = -26 - 162. Suppose -92*l - 2665 = -87*l. Let u = -298 - l. What is the highest common factor of k and u?
47
Let p(b) = -b**3 - 27*b**2 - 185*b + 12. Let x be p(-12). Calculate the greatest common factor of x and 1008.
72
Suppose 0 = -5*s - p - 17 + 386, s - 5*p - 105 = 0. Calculate the highest common divisor of s and 2025.
75
Let x be 2/9 + 214/9. Let j(d) = -d**3 + 15*d**2 + 55*d + 24. Let h be j(-4). Calculate the greatest common factor of h and x.
12
Let z = 15323 + -13198. Calculate the greatest common divisor of z and 1105.
85
Let q = 14689 + -13534. What is the highest common factor of 840 and q?
105
Suppose -4*q - z = -49, 5*q + 3*z = 2*z + 61. Let b(j) = 38*j + 4882. Let o be b(-125). What is the greatest common divisor of q and o?
12
Let i = 919 + -687. What is the greatest common divisor of 40 and i?
8
Let d = -631 - -647. What is the highest common factor of d and 16?
16
Let i = -4706 - -5255. Calculate the greatest common factor of 9 and i.
9
Let u(k) = k**3 + 4*k**2 + 68*k + 207. Let a be u(-3). Calculate the highest common factor of 64164 and a.
12
Suppose -19*h + 13*h = -36. Let t be ((-10)/(-15))/(h/1755). Let o be ((-4)/10)/(4 - 783/t). What is the greatest common factor of 65 and o?
13
Suppose -537 = -29*u + 884. Let r be u + -12 + 1 + (-6 - -2). Suppose -94 = -5*l - 9. What is the greatest common factor of l and r?
17
Let u = 69 + 124. Calculate the greatest common factor of u and 2.
1
Let b be 2/(-7) + (-8)/(-28). Let m be -3 + b + 3 + 20. Suppose -2*z + 48 = 5*s, 0*s = -4*s - z + 39. What is the greatest common divisor of s and m?
10
Suppose 2*f - s = 12743, 289*s - 284*s + 6385 = f. Calculate the highest common factor of f and 210.
70
Suppose 29*f + 21*f = 1372 + 328. What is the highest common factor of f and 1802?
34
Let d = 3 - 6. Let a be -3 - -10 - -2 - d. Sup